04. Is f a composite number?
False
Let a be 32/(-12)*15/(-10). Let j be (10 - -2)*2/(0 - a). Is 21552/34 + j/(-51) a prime number?
False
Let w be 1*(12/(-3))/4*-7. Let a = 312 + w. Is a composite?
True
Let v(m) be the second derivative of 29*m**3/3 - 35*m**2/2 - 57*m. Is v(9) composite?
False
Let o(s) = -s**3 - 73*s**2 - 426*s - 415. Is o(-103) a composite number?
True
Let l(r) be the first derivative of 5*r**3 + 5*r**2 - 24*r - 91. Is l(-19) composite?
True
Let u(l) = -2*l + 29. Let w be u(12). Is 2 + w + -1 + 1049 a prime number?
False
Let k(q) = 6*q**2 + 18*q - 57. Let i be k(10). Let h = i + -500. Is h composite?
False
Let k = 9992 - 5201. Let m = 9352 - k. Is m composite?
False
Let t be -3*(0 + 1) + 37. Let k be t/4 - 6/(-12). Let c(r) = 4*r**2 - 6*r + 17. Is c(k) a composite number?
True
Suppose -6*i - 2*c = -657828, -69191 + 398117 = 3*i + 5*c. Is i prime?
False
Let d(m) = 956*m + 191. Is d(18) a prime number?
False
Let m(p) = 10 - 4*p + p + 0*p + 6*p. Let h be m(7). Suppose k - 150 = -h. Is k prime?
False
Let h = 263879 + -24246. Is h a prime number?
True
Suppose 0 = 3*u + 5*t + 2188, 5*t = 5*u + 7*t + 3653. Let k = -22 - u. Is k composite?
False
Suppose 0 = -0*m - 2*m - 46. Let p = m - -27. Is ((-6735)/6)/((-2)/p - 0) a prime number?
False
Let q = 583 + -1012. Let i = -1258 - -996. Let s = i - q. Is s composite?
False
Let r be 0/(2*1) + 9530. Suppose -6*j - 5*c - 35 = -8*j, 4*j = -4*c. Suppose 0*h + h - p = 1896, -5*p = j*h - r. Is h a composite number?
False
Suppose -2*l + 8 + 40 = 0. Suppose w = -2*w + l. Let b(m) = 64*m + 29. Is b(w) composite?
False
Let s be (-5)/15 - (-1794551)/33. Is 2/(8*5/s) a composite number?
False
Suppose -2*v + 3*u = -214454, 428920 = 50*v - 46*v - 3*u. Is v composite?
True
Let r be (-460)/(-25) - -1*(-9)/(-15). Suppose m + 4*q = -3 - r, 14 = 3*m - 4*q. Let c(i) = -436*i - 1. Is c(m) a composite number?
True
Let z(m) = m**2 - 18*m - 42. Let x = 75 - 51. Let n be z(x). Let t = 899 - n. Is t prime?
True
Is (15267758/(2 + 9))/(2 - 0) prime?
True
Let k be ((-831)/(-6))/((-140)/24 - -6). Let a = 592 + k. Is a a prime number?
True
Let z be 1*((-36)/(-72) - (-3)/(-2)). Is (3083/4)/(z/32*-8) prime?
True
Let d(p) be the third derivative of p**2 - 1/2*p**3 - 5/24*p**4 + 1/60*p**5 - 1/12*p**6 + 0*p + 0. Is d(-4) a prime number?
True
Let f(t) = 2828*t + 3119. Is f(121) composite?
False
Let b be (31/4)/(1/4). Suppose 0 = -2*r + 3*u - 4*u + 14, -3*r - 4*u + b = 0. Suppose -r*h + 0*h + 255 = -5*z, h - 61 = 3*z. Is h a composite number?
True
Suppose -384757 = -8*x + 318307. Is x a composite number?
True
Suppose 0 = 4*b - 3*i + i - 14, 21 = 5*b + i. Suppose 8 = b*f - 4. Suppose 2*j - 4*q - 152 = 0, -6*j + 367 = -j + f*q. Is j a composite number?
True
Let f(a) = -35*a + 0 + 2*a**2 + 8*a + 2 - 3*a. Let x be f(15). Suppose 3*n - 1490 = 4*z, 0 = n - 6*n + x*z + 2502. Is n a prime number?
False
Suppose 0 = 7*n - 915 - 1787. Let l be -3*2/(-4)*n*2. Let d = l - -101. Is d prime?
True
Let h(u) = 42*u - 33. Let r be h(1). Suppose 11*a = 3*q + r*a - 21389, -2*q + 14276 = 2*a. Is q prime?
False
Suppose -263964 - 326420 = -j - 3*f, -2*j + 3*f = -1180813. Is j a composite number?
False
Let q = -185661 - -440360. Is q a composite number?
False
Is 238611*(6*13/18 - (-16)/(-4)) a composite number?
False
Let w = -7836 - -24989. Suppose 0 = -15*k + 28 + 62. Suppose -w = k*d - 23*d. Is d a composite number?
False
Is (2/14)/(-4*(-13)/5252884) a prime number?
True
Let s(k) = -22*k + 12*k + 19*k**2 + 2*k**3 - 1 + 4. Let m be s(-10). Suppose m*z - 3*t - 888 = 0, z - 206 - 102 = -5*t. Is z prime?
False
Let z(d) = 304*d**3 + 2*d**2 + 4*d - 5. Let q be -3*(10/(-60))/((-1)/(-4)). Is z(q) composite?
True
Let f be 23/3 + (-2)/(-6). Let k = 10366 - 4687. Suppose -b + k = f*b. Is b composite?
False
Suppose -81*n + 18*n + 19093638 = 6707019. Is n prime?
True
Suppose 63 = -7*t + 16*t. Suppose 0 = -5*a - 5*k + 72930, -4*k - t = 13. Is a composite?
False
Suppose 3*o + 49976 = 7*o. Is o a composite number?
True
Let l(s) be the third derivative of -47*s**4/12 - 62*s**3/3 + 197*s**2 - s. Is l(-45) composite?
True
Let q be ((-57)/(-21) - 3) + 6142/(-14). Let r = -2000 - q. Is (r/21)/((-1)/3) a prime number?
True
Suppose -q - 2*n = -1164703, 0 = 242*q - 238*q - 3*n - 4658834. Is q composite?
True
Suppose -2*q + 23746 = -9*m + 6*m, 5*q - 59372 = 4*m. Let y = q - 7387. Is y a composite number?
True
Suppose 67379 + 650846 = 5*k + 20*k. Is k a composite number?
False
Is (61472 - (-108)/(-12))*(-1 + 2) a prime number?
True
Suppose x - 7 - 13 = -5*j, 5*x + 4*j = 16. Suppose 3*f = -x*f + 399. Is 58/6*(f - 7) - 1 a prime number?
True
Let t(w) = 15*w**3 - 37*w**2 - 29*w - 230. Is t(27) composite?
False
Let w(k) = -357*k + 128. Let i(f) = -535*f + 192. Let c(r) = -5*i(r) + 8*w(r). Is c(-37) a composite number?
False
Let v = 101 + -66. Let c(g) = 2*g**2 - 30*g - 1. Is c(v) a composite number?
False
Suppose 12*p - 626904 = 589506 - 406134. Is p prime?
True
Suppose 3*x = q + 21543, -107785 = -3*q + 8*q - x. Let o = q - -101039. Is o a prime number?
True
Let u = -84727 + 288774. Is u composite?
False
Let h = 171288 - 99571. Is h a prime number?
False
Let n be (3328/78)/(((-2)/3)/(-2)). Is 26637/6 - 8/(n/8) a prime number?
False
Suppose 24120 = -c - x, -5*c + 9*c + 96468 = 2*x. Let b = c - -40559. Is b a composite number?
True
Let v(g) = 6*g**3 - 342*g**2 + 107*g - 206. Is v(57) composite?
True
Suppose 351 = -3*y + 363. Suppose 0 = -d - 4*r + 2169, -4874 = -5*d + y*r + 5875. Is d a prime number?
True
Is (-540574070)/(-976) - (2/16)/(-1) a composite number?
False
Suppose -127 + 82 = -15*j. Suppose -5*w + 3*w - 86701 = -3*i, 3*i - j*w = 86700. Is i composite?
False
Let d be ((-6)/21 - (-12)/(-56))*12. Let n(t) be the second derivative of t**4/4 + t**3/3 - t**2 - 3*t. Is n(d) prime?
False
Let v be (-182)/4*(-55 + 53). Suppose 0 = -v*c + 93*c - 1822. Is c a composite number?
False
Suppose -4*r = 16, 3*s - r - 2*r = 17805. Suppose h - 5*n = s, 0*h + 4*n = 3*h - 17738. Is h a composite number?
True
Let d(j) = -2*j - 36. Let g be d(-19). Suppose 2161 = g*r - 141. Is r prime?
True
Suppose -2*d - 5768 + 14910 = 0. Suppose 3*l - 5457 = 4*t, 5*l - d = -2*t + 4550. Is l prime?
True
Let q = 33429 - 8818. Is q prime?
True
Let z = 513 - -209. Let u = 442 - 761. Let n = z + u. Is n a composite number?
True
Suppose -7 + 259 = 9*n. Suppose n*p = 3*p + 34175. Is p a composite number?
False
Let x = 269 - 256. Suppose 10*c = x*c, 2*y - 4*c = 13646. Is y a prime number?
True
Let r be (-382514)/(-99) + 4/18. Let l = r - 519. Suppose -a - 2*a + l = 0. Is a a composite number?
True
Suppose 3*x = -2*m, -4*m - x + 2*x = 0. Is (m + 1174)*(-703)/(-74) prime?
False
Let g(z) = z**2 - z + 953. Let w = 365 - 365. Is g(w) a composite number?
False
Let n(x) = 6*x**2 - 7*x + 53. Is n(42) a prime number?
True
Let a(q) = -1041*q**3 - 12*q**2 + 29*q + 141. Is a(-6) prime?
False
Let r be (1353 - (5 - 6))/(2/12). Suppose 4*q = -2*x + 4560, -x + 2431 = -5*q + r. Is q a composite number?
True
Suppose -31*k + 1324680 = -1939589. Is k prime?
False
Suppose -3*g + 2009 + 6112 = z, -5*g = -4*z + 32484. Is z prime?
False
Let j(f) = 25*f**2 + 948*f + 168. Is j(-71) a prime number?
False
Let k(j) = -18*j**3 + 20*j**2 + 110*j + 1. Let z be k(-8). Suppose 3*h - 13403 = -5*b, 707 - z = -2*h + 3*b. Is h a composite number?
True
Suppose 3*a - 3*q = q + 12, -8 = -2*a - q. Suppose 7*j - 42 = a*j + 3*v, 5*j - 2*v = 55. Is (-2)/j - (103944/(-54))/4 prime?
False
Suppose 3*n + 2*j = -0*n - 18900, -2*j - 25198 = 4*n. Let g = -3371 - n. Is g a prime number?
True
Let x(f) = 10*f + 18. Let m be x(-6). Let k = 45 + m. Suppose 0 = -k*q + 9*q - 1266. Is q a prime number?
True
Let d = -266 + 266. Suppose 12*v = -d*v + 93252. Is v prime?
False
Let f(v) = -11041*v - 73. Is f(-2) a composite number?
True
Suppose -2*s - 2 = -2*x - 0, 0 = 3*s - 5*x + 5. Suppose s*o - 1780 = -4*o. Is o a composite number?
True
Let z(k) be the first derivative of -9*k**2/2 + 2*k - 4. Let f = -23 + 2. Is z(f) composite?
False
Suppose 5*t + 4*g = 7047, 5*t - 5*g - 1672 - 5348 = 0. Let w(n) = -n**2 - 784. Let a be w(0). Let f = t + a. Is f composite?
True
Let x(f) be the second derivative of 63*f**5/10 + f**4/4 + f**3/2 + 2*f**2 - 2*f - 160. Is x(3) prime?
False
Supp